2 + 12?
14
In base 6, what is 1513 + -3?
1510
In base 2, what is -1 - 1001001101100?
-1001001101101
In base 4, what is -20 - 33000?
-33020
In base 2, what is 10101 - -1101?
100010
In base 16, what is -a + -3?
-d
In base 16, what is -144 + 3d?
-107
In base 10, what is 6 - -122?
128
In base 8, what is 0 - -64?
64
In base 12, what is -18 - 1?
-19
In base 13, what is -26 - -3?
-23
In base 16, what is d - 13?
-6
In base 2, what is 10 + 1110101?
1110111
In base 16, what is -11 + -9?
-1a
In base 16, what is -2d + -2c?
-59
In base 3, what is -220 - 112210?
-120200
In base 14, what is -119 + -4?
-11d
In base 12, what is 140b + 5?
1414
In base 16, what is 4df + -2?
4dd
In base 12, what is -46 + -5?
-4b
In base 8, what is 232 - -2?
234
In base 10, what is -26 - 430?
-456
In base 5, what is 3210 + 2?
3212
In base 2, what is -1 - -111100011101?
111100011100
In base 10, what is -3644 - -4?
-3640
In base 13, what is 1 + 120?
121
In base 5, what is -122 + 10?
-112
In base 15, what is 4 - -34?
38
In base 13, what is -5 - -3bc?
3b7
In base 9, what is -2 + -1471?
-1473
In base 16, what is 2 - 480?
-47e
In base 5, what is -403 + -21?
-424
In base 13, what is 14 + 45?
59
In base 5, what is 1 + 103?
104
In base 8, what is -2351 + -5?
-2356
In base 4, what is -1212 - -20?
-1132
In base 11, what is 0 + -95?
-95
In base 8, what is 3 + -464?
-461
In base 9, what is -272 - -4?
-267
In base 8, what is 36104 + -3?
36101
In base 15, what is 217 + -1?
216
In base 11, what is -34 + -1?
-35
In base 2, what is -1101 + -1111?
-11100
In base 15, what is -2 + -8?
-a
In base 11, what is 2509 - -3?
2511
In base 11, what is 5 - -47?
51
In base 14, what is -147 + 3?
-144
In base 2, what is 1010101 - -100?
1011001
In base 5, what is 1 + -120?
-114
In base 7, what is -64 - 313?
-410
In base 9, what is 532 - 12?
520
In base 9, what is 13 - 532?
-518
In base 5, what is -33 + -2?
-40
In base 12, what is 39 + 3?
40
In base 2, what is -10111 - 1?
-11000
In base 12, what is -1b - -20?
1
In base 15, what is 5 + 3b?
41
In base 15, what is -4 + 110?
10b
In base 4, what is 231 + 3?
300
In base 9, what is -5 + -155?
-161
In base 13, what is -13 + 1?
-12
In base 16, what is 10 - -23?
33
In base 11, what is -331 - 3?
-334
In base 15, what is 23 - -5?
28
In base 7, what is 101 - -340?
441
In base 5, what is 20 + -3?
12
In base 15, what is 6 + 422?
428
In base 2, what is -1 + -100010010?
-100010011
In base 2, what is 10001100101101 + 100?
10001100110001
In base 10, what is -454 + -9?
-463
In base 13, what is 7 + 2a?
34
In base 15, what is -2b5 - -5?
-2b0
In base 2, what is -1 - -1010000000?
1001111111
In base 2, what is 101 - -100101?
101010
In base 2, what is 100000010 - -10000?
100010010
In base 11, what is -133 - -13?
-120
In base 6, what is 12 + -10?
2
In base 11, what is 6 + a2?
a8
In base 9, what is 5 - 0?
5
In base 4, what is -10 + -10?
-20
In base 6, what is -300 + 4?
-252
In base 13, what is 4 - -b9a?
ba1
In base 15, what is c5 + 7?
cc
In base 11, what is -14 - -6?
-9
In base 13, what is -12 + -401?
-413
In base 9, what is -431 + 0?
-431
In base 3, what is 1 + -1101011?
-1101010
In base 6, what is -1120 - -5?
-1111
In base 4, what is -11 + -11032?
-11103
In base 5, what is -2 - -331?
324
In base 10, what is 0 - -710?
710
In base 13, what is -34 - -5?
-2c
In base 14, what is -5 - 29c?
-2a3
In base 14, what is 82 - -4?
86
In base 13, what is -127 - 80?
-1a7
In base 4, what is -3 - 223?
-232
In base 2, what is -101 + -100110001?
-100110110
In base 7, what is 3 - 45?
-42
In base 16, what is d6b + 5?
d70
In base 14, what is -3d1 + 0?
-3d1
In base 15, what is 0 - 6?
-6
In base 10, what is -206 - 5?
-211
In base 10, what is 4 + -78?
-74
In base 13, what is -128 + -5?
-130
In base 9, what is 8 + -7?
1
In base 14, what is -2b4 + 1?
-2b3
In base 11, what is 1769 + 1?
176a
In base 4, what is -2 - -10?
2
In base 9, what is 4 + -3?
1
In base 7, what is -3 - 3366?
-3402
In base 12, what is 127 + -10?
117
In base 2, what is 111000001110 + -101?
111000001001
In base 15, what is 8486 + 3?
8489
In base 14, what is -1971 - -3?
-196c
In base 16, what is -3 - 3a?
-3d
In base 12, what is -5 - 0?
-5
In base 12, what is -44 + 5?
-3b
In base 12, what is 990 - 16?
976
In base 13, what is 21687 + 3?
2168a
In base 16, what is 2 - -3c1?
3c3
In base 8, what is 0 - -1337?
1337
In base 16, what is 115 - 3?
112
In base 11, what is 5 - 42?
-38
In base 6, what is 0 - 24?
-24
In base 7, what is -44401 + -4?
-44405
In base 6, what is -14554 + -3?
-15001
In base 13, what is 1 - 13?
-12
In base 5, what is -32 - 1203?
-1240
In base 6, what is -3 - -12?
5
In base 12, what is 5 + -1a7?
-1a2
In base 9, what is -1 + 124?
123
In base 10, what is 4 + -14?
-10
In base 4, what is -211 - -1?
-210
In base 11, what is 38 + 708?
745
In base 5, what is 10 - 2010?
-2000
In base 4, what is 0 - -300?
300
In base 15, what is 2c40 + 1?
2c41
In base 7, what is 24 - -5?
32
In base 12, what is -4 + -2a7?
-2ab
In base 10, what is 5 + -727?
-722
In base 15, what is 3 - -d1e?
d22
In base 6, what is 1 - -123?
124
In base 3, what is 10 - -1202?
1212
In base 13, what is 5b - -2?
60
In base 9, what is -6 - 654?
-661
In base 11, what is 2426 + 14?
243a
In base 10, what is 22 + -132?
-110
In base 9, what is 14 + 8?
23
In base 4, what is 232 - 3331?
-3033
In base 14, what is -3702 + -5?
-3707
In base 9, what is -16074 - 5?
-16080
In base 7, what is 3 - -363?
366
In base 14, what is -5 + 44?
3d
In base 9, what is 6 + -25?
-18
In base 10, what is 8645 + 1?
8646
In base 12, what is -52 + -13?
-65
In base 6, what is -223 - 15?
-242
In base 5, what is 142 + -10?
132
In base 14, what is -35 - d?
-44
In base 13, what is -14 + -52?
-66
In base 8, what is 4 + -1167?
-1163
In base 13, what is -567 - 1?
-568
In base 11, what is 811 - 6?
806
In base 10, what is -4 + 43?
39
In base 7, what is 0 - -54?
54
In base 4, what is 3 + -122200?
-122131
In base 13, what is 4 - -a0?
a4
In base 16, what is 11 - 5?
c
In base 2, what is -110 + 1100010111?
1100010001
In base 16, what is -ba - 9?
-c3
In base 5, what is 14200 + 2?
14202
In base 4, what is 0 - 220230?
-220230
In base 12, what is 1295a - -3?
12961
In base 7, what is 0 + -45?
-45
In base 14, what is 26 + 2?
28
In base 9, what is 0 - 1614?
-1614
In base 9, what is 6 - -67?
74
In base 7, what is 0 + 13051?
13051
In base 11, what is 17 - 1699?
-1682
In base 15, what is 7 + -14e?
-147
In base 11, what is 69 + 14?
82
In base 3, what is 0 + -2222?
-2222
In base 7, what is 155 + -1?
154
In base 9, what is -10 - -57?
47
In base 13, what is 84 - -c?
93
In base 10, what is 0 + -14?
-14
In base 6, what is -13 + 11545?
11532
In base 9, what is 31 + 16?
47
In base 11, what is -1 + -235?
-236
In base 9, what is -1 - -255?
254
In base 6, what is -12 + -303?
-315
In base 13, what is 3a - 18?
22
In base 15, what is 2 + -db?
-d9
In base 13, what is 4 - 3?
1
In base 2, what is 110 - -111111000?
111111110
In base 14, what is 8441 + 5?
8446
In base 4, what is -1131 - -132?
-333
In base 6, what is 4 + -1?
3
In base 7, what is 21260 - -3?
21263
In base 7, what is 1 + 4?
5
In base 11, what is -29a - -5?
-295
In base 14, what is -5 + -79c?
-7a3
In base 16, what is 2e + 5?
33
In base 10, what is 0 + 292?
292
In base 13, what is -1 + -27?
-28
In base 12, what is 269 + -12?
257
In base 2, what is -10001 - 1100?
-11101
In base 3, what is -2212122 - -10?
-2212112
In base 2, what is -1 + -10111011011?
-10111011100
In base 9, what is 3054 + -6?
3047
In base 9, what is -3 + -753?
-756
In base 7, what is 30015 - 3?
30012
In base 15, what is -1c - 4?
-21
In base 8, what is -1 - 526?
-527
In base 2, what is -101 - -10100?
1111
In base 16, what is 89 - -9?
92
In base 6, what is 1223 + -20?
1203
In base 11, what is 4 + -1310?
-1307
In base 6, what is 1 - 4220?
-4215
In base 2, what is 11110 - 1011001?
-111011
In base 2, what is 1111011010 - 10011?
1111000111
In base 7, what is 4 - -34?
41
In base 3, what is -220 + 2021?
1101
In base 15, what is 233 + -3?
230
In base 12, what is 7 - -1b?
26
In base 13, what is -17 + -56?
-70
In base 11, what is -133 + -3?
-136
In base 11, what is -220 - -1?
-21a
In base 12, what is -16 - -104?
aa
In base 16, what is 22 + -6?
1c
In base 15, what is -13 - -25?
12
In base 11, what is 272 + -34?
239
In base 6, what is 140 - -1114?